f 20 and j?
10
Let r(t) = -t**3 - t**2 + 7*t. Let j be r(-4). Let i = j + -18. Let u = -172 + 182. What is the highest common factor of i and u?
2
Let c = -15066 + 15185. Calculate the highest common divisor of 42364 and c.
119
Suppose 3*b + 1309 = 2*z + 1337, 0 = 4*z - b - 14. Let y = 322 - 189. What is the greatest common divisor of z and y?
7
Suppose 5*l = -10, -l + 18 = 4*f - 6*l. Let g = 821 - 947. Let k be (g/72)/((-1)/12) - f. Calculate the highest common factor of 209 and k.
19
Let s be ((-162)/(-4))/((-11)/22). Let p = s - -97. What is the greatest common factor of p and 24?
8
Suppose -9*o = -5*o - 104. Let w(z) = -6*z**3 + 6*z**2 - 6*z - 10. Let t be w(-4). Calculate the highest common factor of t and o.
26
Suppose 49 = 3*x - 5*u, 141*u + 86 = 5*x + 137*u. Calculate the highest common factor of x and 534.
6
Suppose 1105 = -110*n + 63*n + 34663. What is the highest common divisor of n and 28?
14
Suppose 2*q = l + 1643, -4*q - 2*l + 3332 = 18. Calculate the highest common factor of q and 8580.
165
Suppose 2*l + 45 = o + 515, 244 = l + o. What is the greatest common divisor of 42 and l?
14
Suppose -47*m + 156*m - 102024 = 0. Calculate the greatest common factor of 16 and m.
8
Suppose 21*c - 937 = -4*i, -99 = -3*i + 2*c + 515. What is the greatest common factor of 2392 and i?
104
Let l(j) = -j**3 - 143*j**2 - 9*j - 815. Let s be l(-143). What is the highest common divisor of 1947 and s?
59
Let c(h) = 8*h**2 + 51*h - 52. Let q be c(-13). What is the highest common factor of 52 and q?
13
Let v be (9/((-198)/143))/(4/(-512)). Calculate the highest common divisor of v and 221.
13
Let s be 6/18 + 26/3. Suppose s*g = 3*g + 54. Calculate the highest common factor of 99 and g.
9
Suppose 2*k + 2*o = 680, 1698 = 5*k - 19*o + 23*o. What is the greatest common divisor of k and 182?
26
Let t(a) = -37*a - 221. Let l(j) = -19*j - 110. Let s(k) = -5*l(k) + 3*t(k). Let o be s(-16). Calculate the highest common factor of 11 and o.
11
Suppose 4*q + 20*l - 5679 = 21*l, -8505 = -6*q - 3*l. Calculate the greatest common factor of 516 and q.
129
Suppose -5*q = 15, q - 1976 = 4*m - 13883. What is the highest common divisor of m and 96?
96
Suppose -53*g + 49 = 155. Let w(s) be the first derivative of 2*s**3/3 + s**2/2 - 2*s - 1. Let x be w(g). What is the greatest common factor of 2 and x?
2
Let a = 3644 - 2213. What is the greatest common factor of a and 27?
27
Suppose 12*f = -2*x + 9*f + 10, -4*x + 20 = -5*f. Calculate the greatest common factor of x and 221.
1
Let x(s) = s**3 + 19*s**2 + 84*s - 10. Let c be x(-10). Calculate the greatest common factor of 925 and c.
25
Let k be ((-135)/(-21))/(5/385). What is the highest common divisor of 11 and k?
11
Let x = 1818 - 654. Let u = x - 3372. Let w be (-6)/10 + (u/(-30) - 4). Calculate the highest common factor of 46 and w.
23
Suppose -4813 = -53*i - 36*i + 4087. What is the greatest common divisor of 675 and i?
25
Suppose 9*k = 3*b + 1989, -35*b = -4*k - 37*b + 874. What is the greatest common factor of 140 and k?
20
Suppose -40*b + 158 = -2. Let t(w) = w**3 + w**2 + 20*w - 100. Let p be t(b). What is the greatest common divisor of p and 140?
20
Let u = -20495 + 37195. Calculate the highest common divisor of u and 100.
100
Suppose 3*w = 3*t, -3*w + 0*w + 15 = 0. Suppose -u + 29 = t. Calculate the greatest common factor of 16 and u.
8
Let n(t) = t**3 - 32*t**2 + 36*t - 50. Let s be n(31). Suppose -20*w + 95 = -s. What is the highest common factor of 320 and w?
10
Let u(d) = -2*d - 34. Let g be u(-18). Let s be 15/g + 165/110. What is the greatest common divisor of s and 9?
9
Suppose 3*i - 255 = -d, 6*i - 5*d = i + 385. What is the greatest common factor of 913 and i?
83
Let q(j) = -16*j**2 - 80*j + 2. Let o be q(-4). Suppose -2*i = r - 0*i - 12, -r - 3*i = -12. What is the highest common factor of o and r?
6
Let s = 205 + -199. Suppose 5 = -s*a + 83. Calculate the greatest common divisor of a and 247.
13
Suppose 3*y + 3*s = 72, s = -2*s - 12. Let j be 2 - (-2 + 4) - (-6 - y). Let l be ((-18)/24)/(1/(-68)). What is the highest common divisor of j and l?
17
Suppose 1322*m - 735 = 1316*m - 177. Calculate the greatest common divisor of m and 20739.
93
Suppose 7*r - 315 = -2*r. Suppose 9*u = 4*u + r. Calculate the greatest common divisor of u and 189.
7
Let z be 3260/5 + -6 - (5 - (-3 - -2)). Calculate the greatest common factor of z and 40.
40
Let m be (-2*(-126)/30)/((-2)/10). Let h be 76/6 - (-28)/m. Calculate the greatest common divisor of 156 and h.
12
Let t(i) = 4*i**2 - 7*i - 4. Let d be t(-8). Let g = -22773 + 22861. Calculate the highest common factor of d and g.
44
Let v = 1992 - 1390. Calculate the greatest common factor of 14 and v.
14
Let y(d) = -d**3 - 4*d**2 + 33*d + 148. Let m be y(-6). Suppose -3*z + 5*z = 704. What is the greatest common factor of m and z?
22
Let c(k) = 2*k**2 - 412*k + 2032. Let p be c(5). Let z be (-110)/(-4)*8/10. What is the highest common factor of p and z?
22
Let u be (72 + 19)/((7 - 3) + 4 + -7). Calculate the highest common factor of u and 1755.
13
Let b be (6 + -2 + -7)/(-1) - (-18 - 692). Suppose 3*d - 4*r - 186 = 0, -5*d + 3*r = -0*r - 310. Calculate the greatest common factor of b and d.
31
Let n(z) = -8*z**2 + 1. Let y be n(-3). Let o = -60 - y. Suppose -12*t + o*t = -15. Calculate the greatest common factor of t and 10.
5
Let c = 57179 - 34463. Calculate the greatest common factor of 36 and c.
36
Let v = -65 - -60. Let d(a) = 4*a**2 + 13*a - 5. Let w be d(v). Calculate the greatest common divisor of w and 70.
10
Let o = -40411 - -40487. Let m = 4 - -53. What is the greatest common factor of o and m?
19
Suppose -905 + 1125 = f. Let l = -184 + f. What is the greatest common factor of l and 180?
36
Let i be (-4)/7 + (-53)/(-7). Let w(j) = 4*j + 29. Let s be w(i). Calculate the highest common factor of 6 and s.
3
Let v be ((-15)/(-12))/((-1)/(-4)). Suppose 2*q - 6 + 1 = k, -k = -v. Suppose -1363 = -q*r + 122. Calculate the highest common factor of 27 and r.
27
Let f be (-1304)/(-9) - (2148/108 - 20). Calculate the highest common divisor of f and 1421.
29
Suppose -20 = -4*s, 90*s = 2*g + 94*s - 182. Let w = 63 + -57. Calculate the greatest common divisor of w and g.
3
Let f = -56 - -43. Let h(n) = n**3 + 12*n**2 - 14*n - 11. Let m be h(f). Suppose m*x = 7 + 9. What is the greatest common divisor of 64 and x?
8
Let g(m) = 3*m**3 + 111*m**2 - 123*m - 320. Let b be g(-38). What is the highest common divisor of b and 8998?
22
Let b(a) = a**3 + 4*a**2 - a. Let n be b(-3). Suppose v + 24 = -4*v + 3*v, 4*q = -7*v + 156. Calculate the highest common divisor of n and q.
12
Let i = -10 - -7. Let w be (-2 - -3)*(-5 + i). Let g be w/(5/120*-3). What is the greatest common divisor of g and 160?
32
Let w(r) = -10*r + 7. Let o be w(-1). Let a(t) = -t**3 + 16*t**2 + 20*t - 35. Let z be a(o). What is the greatest common divisor of z and 80?
16
Suppose -65*d - 12456 = -83*d. Let w = d - 305. Calculate the greatest common factor of w and 86.
43
Let a be -1 - (1 - (-1 - -5)). Suppose 617 - 82 = 4*q - u, 2*q - a*u = 260. Calculate the highest common divisor of 5 and q.
5
Suppose 208*b + 1363 = 209*b. Calculate the greatest common divisor of b and 188.
47
Let u = -349 - -303. Let r = 166 + u. Let v = 60 + -36. What is the highest common factor of v and r?
24
Suppose w = 3*b - 231 - 291, -b - w = -178. Calculate the highest common factor of b and 25.
25
Let t(o) = -o**2 - 13*o - 19. Let u be t(-8). Let j be (-2)/(-7) + 15/u + 2. Suppose 56 = n + j*n. Calculate the highest common factor of 56 and n.
14
Let b = -276 + 276. Suppose b = 3*s - 5*f + 6*f - 165, 0 = 4*f. What is the greatest common factor of 165 and s?
55
Let f be 135/25 + (-3)/(-5). Let k(o) = 300*o - 133*o - f - 146*o. Let z be k(1). What is the greatest common factor of 105 and z?
15
Let b be (7/(-1))/(8/24). Let g = 256 + b. Calculate the highest common factor of g and 5.
5
Suppose -4*b = a - 10, -5*a + 3*b + 31 + 42 = 0. Let n = a - 83. Let d be n/(-2)*(-3)/(3/(-2)). Calculate the greatest common factor of d and 23.
23
Let j(u) = -4*u**3 + 92*u**2 + 97*u + 8. Let d be j(24). Calculate the greatest common factor of 1296 and d.
16
Let u(g) = 6*g. Let a be u(0). Suppose a = 2*s + 5*m - 349, 5*s - m - 176 = 737. Calculate the highes